{"id":2,"date":"2014-04-24T15:26:26","date_gmt":"2014-04-24T15:26:26","guid":{"rendered":"http:\/\/www.danielwaech.ch\/?page_id=2"},"modified":"2020-09-29T11:38:28","modified_gmt":"2020-09-29T09:38:28","slug":"beispiel-seite","status":"publish","type":"page","link":"https:\/\/www.danielwaech.ch\/?page_id=2","title":{"rendered":"Portrait \/ Bio"},"content":{"rendered":"<p>Daniel W\u00e4ch, Basel, Piano\/Keyboards, Master of Arts der Musikhochschule Luzern Abteilung Jazz. Unterricht bei Christoph Baumann, Simon Nabatov, Chris Wiesendanger und Thi\u00e9ry Lang.<\/p>\n<p><span lang=\"DE-CH\">Vielseitige T\u00e4tigkeit in Pop, Electro, Blues, Funk und Jazz Bands als Keyboarder, Organist, Pianist und Background-S\u00e4nger. Seit 2002 als Musical Director, Bandleader und Keyboarder in englischen und schweizerischen Musicals t\u00e4tig.<\/span><\/p>\n<p>Urspr\u00fcnglich ausgebildeter Seklehrer arbeitet Daniel W\u00e4ch immer wieder mit Jugendlichen an Musikprojekten. In verschiedenen Funktionen als Musikalischer Leiter, Dirigent, Bandleader, Chorleiter oder Vocalcoach versteht er es die Teenager zu motivieren und zu H\u00f6chstleistungen animieren.<\/p>\n<p><span lang=\"DE-CH\">Neben seiner vielf\u00e4ltigen Live T\u00e4tigkeit\u00a0<\/span><span lang=\"DE-CH\">als Sideman<span lang=\"DE-CH\">, tritt Dani<\/span>el<\/span><span lang=\"DE-CH\"><span lang=\"DE-CH\"> W\u00e4ch als Solo- und Barpianist, mit seiner Boogaloo Combo \u201cOrganized\u201d und der Unterhaltungs-Jazz-Formation \u201eTrioZWO\u201c auf. Im Octan<\/span><\/span>Musiclab <span lang=\"DE-CH\">komponiert, arrangiert und produziert er sowohl f\u00fcr Bands und Solisten, wie auch f\u00fcr Musical- und Theaterproduktionen.<\/span><\/p>\n<p>Auf privater Basis und an\u00a0der <a href=\"https:\/\/www.musikschuleguggenheim.ch\/\">Musikschule Guggenheim<\/a> in Liestal unterrichtet er Kinder, Jugendliche und Erwachsene an Klavier, Keyboards und Hammond-Orgel.<\/p>\n<p><span style=\"color: #808080; font-family: Arial; font-size: small;\">\u00a0<\/span><\/p>\n<blockquote>\n<p>\u00a0<\/p>\n<\/blockquote>\n<p>\u00a0<\/p>\n\n\n<figure class=\"wp-block-gallery aligncenter columns-3 is-cropped wp-block-gallery-1 is-layout-flex wp-block-gallery-is-layout-flex\"><ul class=\"blocks-gallery-grid\"><li class=\"blocks-gallery-item\"><figure><img loading=\"lazy\" decoding=\"async\" width=\"1024\" height=\"768\" src=\"https:\/\/www.danielwaech.ch\/wp-content\/uploads\/2020\/09\/DSCN0147-1024x768.jpg\" alt=\"\" data-id=\"171\" data-full-url=\"https:\/\/www.danielwaech.ch\/wp-content\/uploads\/2020\/09\/DSCN0147-scaled.jpg\" data-link=\"https:\/\/www.danielwaech.ch\/?attachment_id=171\" class=\"wp-image-171\" srcset=\"https:\/\/www.danielwaech.ch\/wp-content\/uploads\/2020\/09\/DSCN0147-1024x768.jpg 1024w, https:\/\/www.danielwaech.ch\/wp-content\/uploads\/2020\/09\/DSCN0147-300x225.jpg 300w, https:\/\/www.danielwaech.ch\/wp-content\/uploads\/2020\/09\/DSCN0147-768x576.jpg 768w, https:\/\/www.danielwaech.ch\/wp-content\/uploads\/2020\/09\/DSCN0147-1536x1152.jpg 1536w, https:\/\/www.danielwaech.ch\/wp-content\/uploads\/2020\/09\/DSCN0147-2048x1536.jpg 2048w, https:\/\/www.danielwaech.ch\/wp-content\/uploads\/2020\/09\/DSCN0147-624x468.jpg 624w\" sizes=\"auto, (max-width: 1024px) 100vw, 1024px\" \/><\/figure><\/li><li class=\"blocks-gallery-item\"><figure><img loading=\"lazy\" decoding=\"async\" width=\"1024\" height=\"683\" src=\"https:\/\/www.danielwaech.ch\/wp-content\/uploads\/2020\/09\/DSC2949-1024x683.jpg\" alt=\"\" data-id=\"133\" data-full-url=\"https:\/\/www.danielwaech.ch\/wp-content\/uploads\/2020\/09\/DSC2949-scaled.jpg\" data-link=\"https:\/\/www.danielwaech.ch\/?attachment_id=133\" class=\"wp-image-133\" srcset=\"https:\/\/www.danielwaech.ch\/wp-content\/uploads\/2020\/09\/DSC2949-1024x683.jpg 1024w, https:\/\/www.danielwaech.ch\/wp-content\/uploads\/2020\/09\/DSC2949-300x200.jpg 300w, https:\/\/www.danielwaech.ch\/wp-content\/uploads\/2020\/09\/DSC2949-768x513.jpg 768w, https:\/\/www.danielwaech.ch\/wp-content\/uploads\/2020\/09\/DSC2949-1536x1025.jpg 1536w, https:\/\/www.danielwaech.ch\/wp-content\/uploads\/2020\/09\/DSC2949-2048x1367.jpg 2048w, https:\/\/www.danielwaech.ch\/wp-content\/uploads\/2020\/09\/DSC2949-624x416.jpg 624w\" sizes=\"auto, (max-width: 1024px) 100vw, 1024px\" \/><\/figure><\/li><li class=\"blocks-gallery-item\"><figure><img loading=\"lazy\" decoding=\"async\" width=\"1024\" height=\"683\" src=\"https:\/\/www.danielwaech.ch\/wp-content\/uploads\/2020\/09\/DSC3423-1024x683.jpg\" alt=\"\" data-id=\"134\" data-full-url=\"https:\/\/www.danielwaech.ch\/wp-content\/uploads\/2020\/09\/DSC3423-scaled.jpg\" data-link=\"https:\/\/www.danielwaech.ch\/?attachment_id=134\" class=\"wp-image-134\" srcset=\"https:\/\/www.danielwaech.ch\/wp-content\/uploads\/2020\/09\/DSC3423-1024x683.jpg 1024w, https:\/\/www.danielwaech.ch\/wp-content\/uploads\/2020\/09\/DSC3423-300x200.jpg 300w, https:\/\/www.danielwaech.ch\/wp-content\/uploads\/2020\/09\/DSC3423-768x513.jpg 768w, https:\/\/www.danielwaech.ch\/wp-content\/uploads\/2020\/09\/DSC3423-1536x1025.jpg 1536w, https:\/\/www.danielwaech.ch\/wp-content\/uploads\/2020\/09\/DSC3423-2048x1367.jpg 2048w, https:\/\/www.danielwaech.ch\/wp-content\/uploads\/2020\/09\/DSC3423-624x416.jpg 624w\" sizes=\"auto, (max-width: 1024px) 100vw, 1024px\" \/><\/figure><\/li><li class=\"blocks-gallery-item\"><figure><img loading=\"lazy\" decoding=\"async\" width=\"1024\" height=\"678\" src=\"https:\/\/www.danielwaech.ch\/wp-content\/uploads\/2015\/08\/jazz-8-von-38-1024x678.jpg\" alt=\"\" data-id=\"77\" data-full-url=\"https:\/\/www.danielwaech.ch\/wp-content\/uploads\/2015\/08\/jazz-8-von-38.jpg\" data-link=\"https:\/\/www.danielwaech.ch\/?attachment_id=77\" class=\"wp-image-77\" srcset=\"https:\/\/www.danielwaech.ch\/wp-content\/uploads\/2015\/08\/jazz-8-von-38-1024x678.jpg 1024w, https:\/\/www.danielwaech.ch\/wp-content\/uploads\/2015\/08\/jazz-8-von-38-300x199.jpg 300w, https:\/\/www.danielwaech.ch\/wp-content\/uploads\/2015\/08\/jazz-8-von-38-624x413.jpg 624w\" sizes=\"auto, (max-width: 1024px) 100vw, 1024px\" \/><\/figure><\/li><li class=\"blocks-gallery-item\"><figure><img loading=\"lazy\" decoding=\"async\" width=\"1024\" height=\"768\" src=\"https:\/\/www.danielwaech.ch\/wp-content\/uploads\/2020\/09\/DSCN1409-1024x768.jpg\" alt=\"\" data-id=\"172\" data-full-url=\"https:\/\/www.danielwaech.ch\/wp-content\/uploads\/2020\/09\/DSCN1409-scaled.jpg\" data-link=\"https:\/\/www.danielwaech.ch\/?attachment_id=172\" class=\"wp-image-172\" srcset=\"https:\/\/www.danielwaech.ch\/wp-content\/uploads\/2020\/09\/DSCN1409-1024x768.jpg 1024w, https:\/\/www.danielwaech.ch\/wp-content\/uploads\/2020\/09\/DSCN1409-300x225.jpg 300w, https:\/\/www.danielwaech.ch\/wp-content\/uploads\/2020\/09\/DSCN1409-768x576.jpg 768w, https:\/\/www.danielwaech.ch\/wp-content\/uploads\/2020\/09\/DSCN1409-1536x1152.jpg 1536w, https:\/\/www.danielwaech.ch\/wp-content\/uploads\/2020\/09\/DSCN1409-2048x1536.jpg 2048w, https:\/\/www.danielwaech.ch\/wp-content\/uploads\/2020\/09\/DSCN1409-624x468.jpg 624w\" sizes=\"auto, (max-width: 1024px) 100vw, 1024px\" \/><\/figure><\/li><li class=\"blocks-gallery-item\"><figure><img loading=\"lazy\" decoding=\"async\" width=\"1024\" height=\"576\" src=\"https:\/\/www.danielwaech.ch\/wp-content\/uploads\/2020\/09\/DSCN0130-1024x576.jpg\" alt=\"\" data-id=\"170\" data-full-url=\"https:\/\/www.danielwaech.ch\/wp-content\/uploads\/2020\/09\/DSCN0130.jpg\" data-link=\"https:\/\/www.danielwaech.ch\/?attachment_id=170\" class=\"wp-image-170\" srcset=\"https:\/\/www.danielwaech.ch\/wp-content\/uploads\/2020\/09\/DSCN0130-1024x576.jpg 1024w, https:\/\/www.danielwaech.ch\/wp-content\/uploads\/2020\/09\/DSCN0130-300x169.jpg 300w, https:\/\/www.danielwaech.ch\/wp-content\/uploads\/2020\/09\/DSCN0130-768x432.jpg 768w, https:\/\/www.danielwaech.ch\/wp-content\/uploads\/2020\/09\/DSCN0130-1536x864.jpg 1536w, https:\/\/www.danielwaech.ch\/wp-content\/uploads\/2020\/09\/DSCN0130-624x351.jpg 624w, https:\/\/www.danielwaech.ch\/wp-content\/uploads\/2020\/09\/DSCN0130.jpg 1920w\" sizes=\"auto, (max-width: 1024px) 100vw, 1024px\" \/><\/figure><\/li><li class=\"blocks-gallery-item\"><figure><img loading=\"lazy\" decoding=\"async\" width=\"683\" height=\"1024\" src=\"https:\/\/www.danielwaech.ch\/wp-content\/uploads\/2020\/09\/DSC9643-683x1024.jpg\" alt=\"\" data-id=\"168\" data-full-url=\"https:\/\/www.danielwaech.ch\/wp-content\/uploads\/2020\/09\/DSC9643-scaled.jpg\" data-link=\"https:\/\/www.danielwaech.ch\/?attachment_id=168\" class=\"wp-image-168\" srcset=\"https:\/\/www.danielwaech.ch\/wp-content\/uploads\/2020\/09\/DSC9643-683x1024.jpg 683w, https:\/\/www.danielwaech.ch\/wp-content\/uploads\/2020\/09\/DSC9643-200x300.jpg 200w, https:\/\/www.danielwaech.ch\/wp-content\/uploads\/2020\/09\/DSC9643-768x1152.jpg 768w, https:\/\/www.danielwaech.ch\/wp-content\/uploads\/2020\/09\/DSC9643-1024x1536.jpg 1024w, https:\/\/www.danielwaech.ch\/wp-content\/uploads\/2020\/09\/DSC9643-1365x2048.jpg 1365w, https:\/\/www.danielwaech.ch\/wp-content\/uploads\/2020\/09\/DSC9643-624x936.jpg 624w, https:\/\/www.danielwaech.ch\/wp-content\/uploads\/2020\/09\/DSC9643-scaled.jpg 1707w\" sizes=\"auto, (max-width: 683px) 100vw, 683px\" \/><\/figure><\/li><li class=\"blocks-gallery-item\"><figure><img loading=\"lazy\" decoding=\"async\" width=\"684\" height=\"1024\" src=\"https:\/\/www.danielwaech.ch\/wp-content\/uploads\/2020\/09\/TOF17_38142-684x1024.jpg\" alt=\"\" data-id=\"138\" data-full-url=\"https:\/\/www.danielwaech.ch\/wp-content\/uploads\/2020\/09\/TOF17_38142.jpg\" data-link=\"https:\/\/www.danielwaech.ch\/?attachment_id=138\" class=\"wp-image-138\" srcset=\"https:\/\/www.danielwaech.ch\/wp-content\/uploads\/2020\/09\/TOF17_38142-684x1024.jpg 684w, https:\/\/www.danielwaech.ch\/wp-content\/uploads\/2020\/09\/TOF17_38142-200x300.jpg 200w, https:\/\/www.danielwaech.ch\/wp-content\/uploads\/2020\/09\/TOF17_38142-768x1151.jpg 768w, https:\/\/www.danielwaech.ch\/wp-content\/uploads\/2020\/09\/TOF17_38142-1025x1536.jpg 1025w, https:\/\/www.danielwaech.ch\/wp-content\/uploads\/2020\/09\/TOF17_38142-624x935.jpg 624w, https:\/\/www.danielwaech.ch\/wp-content\/uploads\/2020\/09\/TOF17_38142.jpg 1068w\" sizes=\"auto, (max-width: 684px) 100vw, 684px\" \/><figcaption class=\"blocks-gallery-item__caption\">Daniel W\u00e4ch (keyboards).\nLittle Chevy @ 10\u00e8me Vully Blues Festival, Praz (FR), Switzerland, 04.11.2017.\n(c) Christophe Losberger<\/figcaption><\/figure><\/li><\/ul><\/figure>\n\n\n\n<figure class=\"wp-block-gallery columns-3 is-cropped wp-block-gallery-2 is-layout-flex wp-block-gallery-is-layout-flex\"><ul class=\"blocks-gallery-grid\"><li class=\"blocks-gallery-item\"><figure><img loading=\"lazy\" decoding=\"async\" width=\"696\" height=\"1024\" src=\"https:\/\/www.danielwaech.ch\/wp-content\/uploads\/2020\/09\/DSCN2815-696x1024.jpg\" alt=\"\" data-id=\"174\" data-full-url=\"https:\/\/www.danielwaech.ch\/wp-content\/uploads\/2020\/09\/DSCN2815.jpg\" data-link=\"https:\/\/www.danielwaech.ch\/?attachment_id=174\" class=\"wp-image-174\" srcset=\"https:\/\/www.danielwaech.ch\/wp-content\/uploads\/2020\/09\/DSCN2815-696x1024.jpg 696w, https:\/\/www.danielwaech.ch\/wp-content\/uploads\/2020\/09\/DSCN2815-204x300.jpg 204w, https:\/\/www.danielwaech.ch\/wp-content\/uploads\/2020\/09\/DSCN2815-768x1131.jpg 768w, https:\/\/www.danielwaech.ch\/wp-content\/uploads\/2020\/09\/DSCN2815-1043x1536.jpg 1043w, https:\/\/www.danielwaech.ch\/wp-content\/uploads\/2020\/09\/DSCN2815-624x919.jpg 624w, https:\/\/www.danielwaech.ch\/wp-content\/uploads\/2020\/09\/DSCN2815.jpg 1332w\" sizes=\"auto, (max-width: 696px) 100vw, 696px\" \/><\/figure><\/li><li class=\"blocks-gallery-item\"><figure><img loading=\"lazy\" decoding=\"async\" width=\"1024\" height=\"768\" src=\"https:\/\/www.danielwaech.ch\/wp-content\/uploads\/2020\/09\/IMG_20190531_175934-1024x768.jpg\" alt=\"\" data-id=\"139\" data-full-url=\"https:\/\/www.danielwaech.ch\/wp-content\/uploads\/2020\/09\/IMG_20190531_175934-scaled.jpg\" data-link=\"https:\/\/www.danielwaech.ch\/?attachment_id=139\" class=\"wp-image-139\" srcset=\"https:\/\/www.danielwaech.ch\/wp-content\/uploads\/2020\/09\/IMG_20190531_175934-1024x768.jpg 1024w, https:\/\/www.danielwaech.ch\/wp-content\/uploads\/2020\/09\/IMG_20190531_175934-300x225.jpg 300w, https:\/\/www.danielwaech.ch\/wp-content\/uploads\/2020\/09\/IMG_20190531_175934-768x576.jpg 768w, https:\/\/www.danielwaech.ch\/wp-content\/uploads\/2020\/09\/IMG_20190531_175934-1536x1152.jpg 1536w, https:\/\/www.danielwaech.ch\/wp-content\/uploads\/2020\/09\/IMG_20190531_175934-2048x1536.jpg 2048w, https:\/\/www.danielwaech.ch\/wp-content\/uploads\/2020\/09\/IMG_20190531_175934-624x468.jpg 624w\" sizes=\"auto, (max-width: 1024px) 100vw, 1024px\" \/><\/figure><\/li><li class=\"blocks-gallery-item\"><figure><img loading=\"lazy\" decoding=\"async\" width=\"576\" height=\"1024\" src=\"https:\/\/www.danielwaech.ch\/wp-content\/uploads\/2020\/09\/20190531_221522-576x1024.jpg\" alt=\"\" data-id=\"140\" data-full-url=\"https:\/\/www.danielwaech.ch\/wp-content\/uploads\/2020\/09\/20190531_221522-scaled.jpg\" data-link=\"https:\/\/www.danielwaech.ch\/?attachment_id=140\" class=\"wp-image-140\" srcset=\"https:\/\/www.danielwaech.ch\/wp-content\/uploads\/2020\/09\/20190531_221522-576x1024.jpg 576w, https:\/\/www.danielwaech.ch\/wp-content\/uploads\/2020\/09\/20190531_221522-169x300.jpg 169w, https:\/\/www.danielwaech.ch\/wp-content\/uploads\/2020\/09\/20190531_221522-768x1365.jpg 768w, https:\/\/www.danielwaech.ch\/wp-content\/uploads\/2020\/09\/20190531_221522-864x1536.jpg 864w, https:\/\/www.danielwaech.ch\/wp-content\/uploads\/2020\/09\/20190531_221522-1152x2048.jpg 1152w, https:\/\/www.danielwaech.ch\/wp-content\/uploads\/2020\/09\/20190531_221522-624x1109.jpg 624w, https:\/\/www.danielwaech.ch\/wp-content\/uploads\/2020\/09\/20190531_221522-scaled.jpg 1440w\" sizes=\"auto, (max-width: 576px) 100vw, 576px\" \/><\/figure><\/li><li class=\"blocks-gallery-item\"><figure><img loading=\"lazy\" decoding=\"async\" width=\"1024\" height=\"683\" src=\"https:\/\/www.danielwaech.ch\/wp-content\/uploads\/2020\/09\/SKR_5433-1024x683.jpg\" alt=\"\" data-id=\"128\" data-full-url=\"https:\/\/www.danielwaech.ch\/wp-content\/uploads\/2020\/09\/SKR_5433-scaled.jpg\" data-link=\"https:\/\/www.danielwaech.ch\/?attachment_id=128\" class=\"wp-image-128\" srcset=\"https:\/\/www.danielwaech.ch\/wp-content\/uploads\/2020\/09\/SKR_5433-1024x683.jpg 1024w, https:\/\/www.danielwaech.ch\/wp-content\/uploads\/2020\/09\/SKR_5433-300x200.jpg 300w, https:\/\/www.danielwaech.ch\/wp-content\/uploads\/2020\/09\/SKR_5433-768x512.jpg 768w, https:\/\/www.danielwaech.ch\/wp-content\/uploads\/2020\/09\/SKR_5433-1536x1024.jpg 1536w, https:\/\/www.danielwaech.ch\/wp-content\/uploads\/2020\/09\/SKR_5433-2048x1365.jpg 2048w, https:\/\/www.danielwaech.ch\/wp-content\/uploads\/2020\/09\/SKR_5433-624x416.jpg 624w\" sizes=\"auto, (max-width: 1024px) 100vw, 1024px\" \/><\/figure><\/li><li class=\"blocks-gallery-item\"><figure><img loading=\"lazy\" decoding=\"async\" width=\"1024\" height=\"681\" src=\"https:\/\/www.danielwaech.ch\/wp-content\/uploads\/2014\/04\/616784_4047316029020_1274340602_o-1024x681.jpg\" alt=\"\" data-id=\"16\" data-full-url=\"https:\/\/www.danielwaech.ch\/wp-content\/uploads\/2014\/04\/616784_4047316029020_1274340602_o.jpg\" data-link=\"https:\/\/www.danielwaech.ch\/?attachment_id=16\" class=\"wp-image-16\" srcset=\"https:\/\/www.danielwaech.ch\/wp-content\/uploads\/2014\/04\/616784_4047316029020_1274340602_o-1024x681.jpg 1024w, https:\/\/www.danielwaech.ch\/wp-content\/uploads\/2014\/04\/616784_4047316029020_1274340602_o-300x199.jpg 300w, https:\/\/www.danielwaech.ch\/wp-content\/uploads\/2014\/04\/616784_4047316029020_1274340602_o.jpg 2000w\" sizes=\"auto, (max-width: 1024px) 100vw, 1024px\" \/><\/figure><\/li><li class=\"blocks-gallery-item\"><figure><img loading=\"lazy\" decoding=\"async\" width=\"1024\" height=\"681\" src=\"https:\/\/www.danielwaech.ch\/wp-content\/uploads\/2014\/04\/277970_4047318669086_590569811_o-1024x681.jpg\" alt=\"\" data-id=\"18\" data-full-url=\"https:\/\/www.danielwaech.ch\/wp-content\/uploads\/2014\/04\/277970_4047318669086_590569811_o.jpg\" data-link=\"https:\/\/www.danielwaech.ch\/?attachment_id=18\" class=\"wp-image-18\" srcset=\"https:\/\/www.danielwaech.ch\/wp-content\/uploads\/2014\/04\/277970_4047318669086_590569811_o-1024x681.jpg 1024w, https:\/\/www.danielwaech.ch\/wp-content\/uploads\/2014\/04\/277970_4047318669086_590569811_o-300x199.jpg 300w, https:\/\/www.danielwaech.ch\/wp-content\/uploads\/2014\/04\/277970_4047318669086_590569811_o.jpg 2000w\" sizes=\"auto, (max-width: 1024px) 100vw, 1024px\" \/><\/figure><\/li><li class=\"blocks-gallery-item\"><figure><img loading=\"lazy\" decoding=\"async\" width=\"1024\" height=\"764\" src=\"https:\/\/www.danielwaech.ch\/wp-content\/uploads\/2014\/08\/IMG_3437-1024x764.jpg\" alt=\"\" data-id=\"46\" data-full-url=\"https:\/\/www.danielwaech.ch\/wp-content\/uploads\/2014\/08\/IMG_3437.jpg\" data-link=\"https:\/\/www.danielwaech.ch\/?attachment_id=46\" class=\"wp-image-46\" srcset=\"https:\/\/www.danielwaech.ch\/wp-content\/uploads\/2014\/08\/IMG_3437-1024x764.jpg 1024w, https:\/\/www.danielwaech.ch\/wp-content\/uploads\/2014\/08\/IMG_3437-300x224.jpg 300w, https:\/\/www.danielwaech.ch\/wp-content\/uploads\/2014\/08\/IMG_3437-624x466.jpg 624w\" sizes=\"auto, (max-width: 1024px) 100vw, 1024px\" \/><\/figure><\/li><li class=\"blocks-gallery-item\"><figure><img loading=\"lazy\" decoding=\"async\" width=\"1024\" height=\"768\" src=\"https:\/\/www.danielwaech.ch\/wp-content\/uploads\/2020\/09\/5bb9e025-8b00-4732-b619-69a211970939.jpg\" alt=\"\" data-id=\"136\" data-full-url=\"https:\/\/www.danielwaech.ch\/wp-content\/uploads\/2020\/09\/5bb9e025-8b00-4732-b619-69a211970939.jpg\" data-link=\"https:\/\/www.danielwaech.ch\/?attachment_id=136\" class=\"wp-image-136\" srcset=\"https:\/\/www.danielwaech.ch\/wp-content\/uploads\/2020\/09\/5bb9e025-8b00-4732-b619-69a211970939.jpg 1024w, https:\/\/www.danielwaech.ch\/wp-content\/uploads\/2020\/09\/5bb9e025-8b00-4732-b619-69a211970939-300x225.jpg 300w, https:\/\/www.danielwaech.ch\/wp-content\/uploads\/2020\/09\/5bb9e025-8b00-4732-b619-69a211970939-768x576.jpg 768w, https:\/\/www.danielwaech.ch\/wp-content\/uploads\/2020\/09\/5bb9e025-8b00-4732-b619-69a211970939-624x468.jpg 624w\" sizes=\"auto, (max-width: 1024px) 100vw, 1024px\" \/><\/figure><\/li><\/ul><\/figure>\n","protected":false},"excerpt":{"rendered":"<p>Daniel W\u00e4ch, Basel, Piano\/Keyboards, Master of Arts der Musikhochschule Luzern Abteilung Jazz. Unterricht bei Christoph Baumann, Simon Nabatov, Chris Wiesendanger und Thi\u00e9ry Lang. Vielseitige T\u00e4tigkeit in Pop, Electro, Blues, Funk und Jazz Bands als Keyboarder, Organist, Pianist und Background-S\u00e4nger. Seit 2002 als Musical Director, Bandleader und Keyboarder in englischen und schweizerischen Musicals t\u00e4tig. Urspr\u00fcnglich ausgebildeter [&hellip;]<\/p>\n","protected":false},"author":1,"featured_media":0,"parent":0,"menu_order":0,"comment_status":"open","ping_status":"open","template":"","meta":{"footnotes":""},"class_list":["post-2","page","type-page","status-publish","hentry"],"_links":{"self":[{"href":"https:\/\/www.danielwaech.ch\/index.php?rest_route=\/wp\/v2\/pages\/2","targetHints":{"allow":["GET"]}}],"collection":[{"href":"https:\/\/www.danielwaech.ch\/index.php?rest_route=\/wp\/v2\/pages"}],"about":[{"href":"https:\/\/www.danielwaech.ch\/index.php?rest_route=\/wp\/v2\/types\/page"}],"author":[{"embeddable":true,"href":"https:\/\/www.danielwaech.ch\/index.php?rest_route=\/wp\/v2\/users\/1"}],"replies":[{"embeddable":true,"href":"https:\/\/www.danielwaech.ch\/index.php?rest_route=%2Fwp%2Fv2%2Fcomments&post=2"}],"version-history":[{"count":8,"href":"https:\/\/www.danielwaech.ch\/index.php?rest_route=\/wp\/v2\/pages\/2\/revisions"}],"predecessor-version":[{"id":199,"href":"https:\/\/www.danielwaech.ch\/index.php?rest_route=\/wp\/v2\/pages\/2\/revisions\/199"}],"wp:attachment":[{"href":"https:\/\/www.danielwaech.ch\/index.php?rest_route=%2Fwp%2Fv2%2Fmedia&parent=2"}],"curies":[{"name":"wp","href":"https:\/\/api.w.org\/{rel}","templated":true}]}}